b**2 + 19*b**3 - 2. What is w(1)?
-13
Suppose -3*d - 20 = d, -4*d = -3*p + 41. Let s(o) = -o**3 + 5*o**2 + 13*o + 3. Let k be s(p). Let a(r) = 2*r + 5. Give a(k).
-3
Suppose -4*z - 2 = -2*z. Let y(h) be the second derivative of h**3 - 31*h + 5. Calculate y(z).
-6
Suppose -11*s = -14*s + 42. Suppose -s*y + 7*y - 14 = 0. Let u(h) = 2 - 2*h**2 + 1 + 2*h + 4*h**2. What is u(y)?
7
Let u(v) = v**3 + 6*v**2 - 3. Suppose 3*r - 50 = -3*a - a, 5*r - 85 = -5*a. Suppose -18 = x - 13*g + 10*g, -r = 5*x + 3*g. What is u(x)?
-3
Let k(s) = -13*s**3 + 1. Let f(p) = 2*p + 9. Let v be f(-5). What is k(v)?
14
Let d(r) = r**2 - 3*r - 339. Let n be d(20). Let y(t) = -25*t - 1. What is y(n)?
-26
Let t(z) = 2*z**2 - 6*z + 4. Let a(c) = c**3 + 11*c**2 + c - 6. Let g be a(-11). Let v = g - -23. Let r be 2*(-2 - -1) + v. Calculate t(r).
12
Let f(g) = -19*g - 27*g - 22*g - 10 + 90*g - 23*g. Determine f(11).
-21
Let d(q) = 1. Let u(m) = -7*m - 9. Let t(p) = 2*d(p) - u(p). What is t(-8)?
-45
Let v(r) = -r**3 + 7*r**2 - 6*r - 5. Suppose -4*j = -s - 92, 3*s + 12 + 0 = 0. Let a be j/3 - (-24)/(-18). Give v(a).
-5
Let f(x) = -x**2 + 9. Suppose 0 = -7*w + 5*w + 8. Suppose -2*h = -w*h. Calculate f(h).
9
Let s(r) be the third derivative of r**4/8 + r**2. Let b(q) be the third derivative of q**4/24 + 15*q**2 + 1. Let u(h) = -9*b(h) + 2*s(h). Calculate u(-1).
3
Let c(d) = 4*d**2 - 4*d + 1. Let a(u) = -12*u**2 + 14*u - 4. Let f(x) = 3*a(x) + 10*c(x). Determine f(1).
4
Let k(a) = 2 - 3 - 358*a + 360*a + 29*a**2. Calculate k(1).
30
Let r(l) = 28*l**2 + 7*l - 6. Let b(m) = 9*m**2 - m - 1. Let f(q) = 3*b(q) - r(q). Let a(o) = -o**3 + 3*o**2 + o + 5. Let p be a(4). Give f(p).
24
Let s(c) = c + 4. Let b be (10 - 8)*(-6)/(-4). Suppose -2*g = 4*o - 4, 7 = o - g - 0. Suppose 0 = 2*w + 6, b*k + o*w + 6 = -2*w. What is s(k)?
7
Let h(j) = j**2 - 6*j - 4. Suppose 35*p = 9*p + 78. Determine h(p).
-13
Let i(w) be the first derivative of -w**4/12 + 2*w**3/3 + 3*w**2 - 11*w + 3. Let s(o) be the first derivative of i(o). Determine s(-4).
-26
Let b(g) be the third derivative of -g**5/60 - g**4/3 - g**3/2 + 16*g**2 - 3. What is b(-5)?
12
Let y(f) = 3*f - 26*f + 8*f + 6*f + 7*f + 7. What is y(2)?
3
Let q be -2 - (3 + -2) - -8. Suppose q*b + 12 = g, -b + 3*g + 5 = 13. Let o(v) = 3*v - 5 - 5*v + 4. Give o(b).
3
Let u = -4 + 16. Suppose 3*v - 22 = -5*g, -u = -2*v - 2*g - 0. Suppose 0 = -2*j + v*j - 8. Let l(k) = -k**3 + 4*k**2 + 2*k - 5. Calculate l(j).
3
Let z(s) = 9*s**2 + s**3 + 1 - 1 - 3 + 7*s. Let b be z(-8). Let q = -9 + b. Let w(y) = 2*y - 3. Calculate w(q).
-11
Let m be 10/25*-2*5/2. Let y(c) = 4*c + 2. Give y(m).
-6
Let j(m) = m**3 - 6*m**2 + m. Let q(a) = 3*a**3 - 18*a**2 + 4*a. Let u(d) = -8*j(d) + 3*q(d). Calculate u(6).
24
Let j = -1 - 3. Let u(f) be the third derivative of -f**4/24 + 2*f**3/3 + 568*f**2. Give u(j).
8
Let w = 14 + -14. Suppose -2*a + w*a = -0*a. Let l(k) = -2*k**2 + 2*k**2 + k**2 - k + 1. What is l(a)?
1
Suppose -9 = 2*y - 1. Let s be (-15)/y - 27/36. Let l(v) = -3*v**2 + 4*v. What is l(s)?
-15
Let m(n) = -4*n + 2. Let a(c) = -5*c + 1. Let y(d) = 5*a(d) - 4*m(d). Let j be 4*((-2)/14)/(6/21). Calculate y(j).
15
Let k(d) = d**2 - 6*d + 7. Let r be k(6). Suppose -r = -z - 2. Let c(l) = l. Calculate c(z).
5
Suppose -66*w + 68*w - 6 = 0. Let z(t) be the first derivative of -1/2*t**2 + 0*t - 1. What is z(w)?
-3
Suppose 67*a - 65*a + 7 = -x, -10 = -2*x + 4*a. Let i(b) = -8*b - 7. Give i(x).
1
Let i be 4/(0 - 1/(-2)). Let k be (4/8)/((-1)/i). Let m(h) = h + 3. Give m(k).
-1
Let n = 14 + -9. Suppose 0 = j - 6*j - 3*a + 21, 0 = -2*j - 5*a + 16. Let l(p) = 7*p - j + 1 - 4*p. Give l(n).
13
Let g(v) be the first derivative of 2*v**3/3 + 5*v**2/2 + 2*v - 99. What is g(-4)?
14
Let u(h) be the first derivative of h + 173. Let m(a) be the second derivative of a**4/12 + 7*a**3/6 + 3*a**2/2 - a. Let w(c) = m(c) + 3*u(c). Determine w(-5).
-4
Let x(t) be the third derivative of t**5/60 + t**4/8 - 10*t**3/3 + t**2 + 12. What is x(-6)?
-2
Let n = -11 + 15. Suppose -d + 5*d - 2*c = 24, 22 = 2*d + n*c. Let h(x) = x**3 - 6*x**2 - 8*x + 7. Calculate h(d).
0
Suppose -8 - 2 = 2*a - r, 5*a = 2*r - 24. Let t(w) = -w**3 - 4*w**2 - 5*w - 5. Calculate t(a).
15
Suppose -52*x + 56*x - 12 = 0. Let k(c) = 2*c**3 - 4*c**2 - 2*c + 4. Determine k(x).
16
Let s(r) be the first derivative of -r**3/3 + r**2 + r + 73. What is s(-3)?
-14
Let a(h) = h**2 - 6*h. Let v = -2 - -15. Let p(f) = -f**3 + 2*f**2 + f - 2. Let r be p(3). Let q = r + v. Give a(q).
-5
Suppose 5*r = -0*r - 5. Let y(b) = -b**2 + b. Let d(o) = 2*o**2 - 8*o + 3. Let g(s) = r*d(s) - 3*y(s). Let h = -1 + -2. Calculate g(h).
-9
Let n(d) be the second derivative of d**3/6 - 2*d**2 - 16*d - 1. Let z be (-4)/6 - 4/(-6). Determine n(z).
-4
Let f(a) = 4*a**2 + 12*a + 3. Let i(o) = 0 - 3*o**2 - o**2 - 4*o - 1 + 3*o**2. Let b(x) = 2*f(x) + 7*i(x). Calculate b(3).
-4
Let o(k) = -k**3 - 6*k**2 - 3*k + 5. Suppose 5*m = -g - 30, 5*g + 29 = -3*m - 11. Determine o(g).
-5
Let x be 5*(-7)/(-35) - 3. Let i(o) = 2*o**2 + o - 1. Give i(x).
5
Let d(y) = -5*y**2 + 2*y**2 - 1027*y**3 + 1024*y**3. What is d(-2)?
12
Let n = 43 + -56. Let f = n + 11. Let l(k) = -k**2 - 3*k + 1. Determine l(f).
3
Let s(b) = -b**3 + 6*b**2 - b - 7. Suppose -2*q - 17 = -15. Let r = 7 + q. What is s(r)?
-13
Let y(c) = 231 + c - 81 - 74 - 81. Let x = -2 - -8. What is y(x)?
1
Let u(g) be the first derivative of g**4/4 + 4*g**3/3 + g**2/2 - 4*g + 574. Calculate u(-2).
2
Let s(d) = d**3 + d**2 - 3*d - 3. Let f(g) = -g**3 - 5*g**2 + 8*g + 7. Let r be f(-6). Let i be (-17)/r - (-26)/(-65). Let z be i*2/2*-1. Determine s(z).
-12
Suppose 4*f = -q - 30 + 13, -4*f = 20. Let a(h) = h + 3*h**3 - 2*h**3 + 11 - q - 8*h + 6*h**2. What is a(-7)?
8
Let b be (4/(-5))/((-4)/10). Suppose 7*l = 3*l + 536. Let g(y) = l + 0*y + 3*y - 134. Calculate g(b).
6
Let p(v) be the first derivative of v**4/4 - 5*v**3/3 - 7*v**2/2 + v - 4634. Let w(c) = -c**2 + 5*c - 1. Let l be w(4). Suppose l*q - 18 = -0. Determine p(q).
-5
Let v(u) = u**3 - 6*u**2 - 6*u + 4. Let s be (-395)/(-55) + 124/44 + -3. What is v(s)?
11
Let l = -3952 + 3946. Let w(f) be the first derivative of f**3/3 + 3*f**2 - f + 1. Let q(r) be the first derivative of w(r). Give q(l).
-6
Let l(q) = 8*q + 6. Let w be l(4). Suppose -n - 60 = -4*v, -2*n + 3*n - w = -3*v. Let g = 11 - v. Let k(s) = s**2 + 5*s + 1. What is k(g)?
-5
Let g(l) = -2*l + 2 - 1 + 3*l + 3 + 7. Determine g(-7).
4
Let o(r) = -3*r + 3. Let b = 141 - 147. Determine o(b).
21
Let y(b) be the second derivative of -b**4/12 + 4*b**3/3 - 3*b**2 + 153*b. What is y(8)?
-6
Let q be -1 + -6*(-5)/(-10). Let f(z) = -3*z**3 + 9*z**2 + 2*z + 3. Let h(g) = 2*g**3 - 8*g**2 - g - 2. Let p(v) = q*h(v) - 3*f(v). What is p(-5)?
9
Let c(m) = 5*m**2 + 7*m + 1. Let d(w) = -2*w**2 + 3*w + 1. Let v(p) = -c(p) + 2*d(p). Let g(k) = -k**2 + k + 1. Let o be g(0). Give v(o).
-9
Let t(l) = -7*l - 10. Let g(y) = -8*y - 2 - 3 + 5*y. Let k(x) = -13*g(x) + 6*t(x). Suppose -15*s - 23 = -2*c - 10*s, -5*c = -s - 23. Give k(c).
-7
Let p(l) be the third derivative of -l**4/12 - 3*l**3/2 - 31*l**2. Let x(b) = -2*b + 2. Let s be x(4). Determine p(s).
3
Let p(u) = -4 - 255*u**2 - 12*u - 9*u + 10*u - 8*u + 256*u**2. What is p(19)?
-4
Suppose 3*w = 55 - 37. Let n(s) = -2*s**2 + 4*s + 6. Give n(w).
-42
Let n = -24 - -21. Let p(m) = -3*m - 6. Let y(j) = 4*j + 7. Let c(z) = n*p(z) - 2*y(z). What is c(-3)?
1
Let c = -89 + 98. Let y(i) = 16*i - c - 24*i + 9*i. Give y(-7).
-16
Suppose 3*j = 4 - 1. Suppose 2*h - 63 = -4*x - x, 2*x = 3*h + 10. Let k(t) = 8 + 2 - x + 13*t. Give k(j).
12
Let l(r) = 2*r**3 - 9*r**2 - 18*r + 2. Let h be l(6). Let w(m) = 3*m**2. Give w(h).
12
Let z(c) = -c**2 + 5*c - 5. Let m = -56 + 61. Suppose 27 = -m*l + 57. Determine z(l).
-11
Let a = -31 + 33. Let o(y) = -3*y**2 + 3*y - 2*y**a + 4*y**2 + 1. What is o(3)?
1
Let g(o) = 22*o**3 + 2*o**2 + 2*o + 1. Suppose -3*x + 5 = 2*w - 2, 0 = -w - x + 2. Give g(w).
-21
Let w(u) = -u**3 - u. Let z(x) = 3*x + 3. Suppose -2*c - 3*c + 15 = 0. Let m be z(c). Let a be (-2)/m - 7/(-42). Calculate w(a).
0
Let o(p) = p - 18. Suppose -3*b + 7*b = 4*g + 40, 4*b - 40 = -2*g. Let m be o(b). Let j(f) = -3*f + 3*f + 12 + 2*f. Calculate j(m).
-4
Suppose 0 = -4*x - 5*z - 1, 3*x + 0*z - 4*z = -24. Let p 